26).
-14
Let n(z) = -37*z + 56. Give n(10).
-314
Let f(o) = o**2 - 15*o - 310. Determine f(-13).
54
Let w(x) = -2172*x - 36930. Give w(-17).
-6
Let p(a) = a**2 - 25*a - 62. Calculate p(19).
-176
Let j(i) = 28*i**3 + 43*i**2 - 45*i + 2. Determine j(1).
28
Let i(m) = 4*m**2 + 79*m - 182. Calculate i(-23).
117
Let c(x) = x**2 - 162*x + 946. Calculate c(6).
10
Let m(u) = 216*u + 1062. What is m(-5)?
-18
Let u(r) = -13*r + 223. What is u(33)?
-206
Let k(h) = -h**3 - 20*h**2 - 21*h - 1. Determine k(-19).
37
Let f(o) = 96*o**2 - 1251*o + 13. Determine f(13).
-26
Let t(k) = -35*k + 147. Give t(4).
7
Let m(c) = -2*c**2 + 344*c - 10122. Give m(38).
62
Let a(b) = -3*b**2 - 171*b - 513. Calculate a(-3).
-27
Let p(a) = 891*a + 9804. Calculate p(-11).
3
Let o(f) = -97*f + 583. Determine o(6).
1
Let f(m) = 3402*m + 13612. Calculate f(-4).
4
Let x(j) = 16*j + 177. Calculate x(-7).
65
Let f(q) = -255*q**3 + q**2 + 2*q + 2. Determine f(-1).
256
Let v(g) = 21*g + 1236. Give v(-52).
144
Let t(a) = -15*a**3 + a**2 + 2*a + 3. Calculate t(-1).
17
Let r(g) = -g**3 - 29*g**2 + 45*g + 419. What is r(-30)?
-31
Let d(v) = -28*v + 59. Give d(-4).
171
Let q(f) = 316*f - 1292. What is q(4)?
-28
Let c(j) = -j**2 + 1172*j - 8142. Determine c(7).
13
Let z(l) = -l**3 - 115*l**2 - 227*l - 78. Give z(-113).
35
Let g(i) = 10*i**2 - 26*i - 4. Give g(2).
-16
Let h(f) = 601*f**3 - 8*f - 6. Determine h(-1).
-599
Let l(h) = -66*h**3 + h**2 - 419*h - 420. Determine l(-1).
66
Let b(h) = -2*h**3 + 20*h**2 + 69*h + 113. What is b(13)?
-4
Let u(c) = 1231*c - 19692. Calculate u(16).
4
Let d(b) = -5*b**3 + 249*b**2 + 54*b - 169. Give d(50).
31
Let c(d) = -19*d + 1584. Determine c(49).
653
Let a(p) = -p**2 - 4*p + 65. Give a(0).
65
Let k(u) = -u**3 - 11*u**2 + 3*u - 118. Calculate k(-13).
181
Let k(o) = 171*o + 172. Give k(-1).
1
Let j(h) = -9*h**3 + 7*h**2 - 3. Calculate j(2).
-47
Let y(r) = -r**3 + 10*r**2 + 35*r + 37. What is y(13)?
-15
Let n(i) = -2*i**3 - 5*i**2 - 1794*i - 1789. Calculate n(-1).
2
Let g(l) = -2*l**2 + 40*l + 103. Calculate g(21).
61
Let z(t) = -t**3 + 26*t**2 - 146*t + 20. Give z(18).
-16
Let v(x) = -x**3 - 33*x**2 + 78*x + 252. Calculate v(-35).
-28
Let s(n) = n**2 + 48*n - 146. Give s(-48).
-146
Let x(w) = 3*w**2 - 122*w + 493. Calculate x(36).
-11
Let g(u) = 3*u + 89. Determine g(-18).
35
Let l(t) = -35*t + 71. What is l(3)?
-34
Let b(t) = 25*t + 222. Determine b(-9).
-3
Let p(a) = a**2 - 13*a - 286. Calculate p(-16).
178
Let f(i) = -5*i**3 - 120*i**2 + 19*i - 31. Calculate f(-24).
-487
Let h(r) = 167*r - 2011. Calculate h(12).
-7
Let v(o) = -2*o**3 - 2*o**2 - 174. Determine v(0).
-174
Let y(c) = 47*c**2 + 661*c + 39. Determine y(-14).
-3
Let x(f) = 1082*f - 5503. Calculate x(5).
-93
Let h(g) = 7*g**2 - 456*g + 67. What is h(65)?
2
Let f(y) = 10*y**2 + 30*y + 190. Give f(-7).
470
Let u(g) = -91*g - 3209. Calculate u(-35).
-24
Let u(p) = -110*p + 2424. Give u(22).
4
Let d(m) = 2511*m - 40181. Give d(16).
-5
Let y(q) = -2417*q - 4814. Calculate y(-2).
20
Let f(c) = -239*c + 2873. Give f(12).
5
Let t(s) = -53*s**3 + 4*s**2 - 1. Calculate t(-1).
56
Let q(b) = -38*b + 560. Give q(7).
294
Let b(r) = -r**3 + 14*r**2 - 8*r - 2. Determine b(14).
-114
Let v(s) = 10*s - 148. Determine v(39).
242
Let k(v) = -19*v + 175. What is k(10)?
-15
Let s(d) = d**2 - 108*d + 331. Give s(105).
16
Let d(n) = n**2 - 47*n - 703. Give d(-12).
5
Let g(n) = 24*n**2 + 622*n + 21. Determine g(-26).
73
Let r(a) = a**3 + 32*a**2 + 45*a + 447. Calculate r(-31).
13
Let f(u) = -u**2 + 43*u - 67. What is f(45)?
-157
Let l(r) = -r**3 + 31*r**2 + 35*r - 56. Give l(32).
40
Let n(f) = 135*f + 137. Determine n(-1).
2
Let i(w) = -11*w**2 - 263*w + 32. Give i(-24).
8
Let s(z) = -z**2 - 1702*z - 13555. Determine s(-8).
-3
Let u(i) = -2*i**3 + 7*i**2 - 4*i + 42. Give u(6).
-162
Let l(d) = -328*d + 2967. Determine l(9).
15
Let l(t) = 26*t**3 - 6*t**2 + 5*t + 7. Give l(-2).
-235
Let o(n) = 456*n**2 + 428*n - 23. Give o(-1).
5
Let x(g) = 2*g**3 - 42*g**2 + 3*g - 67. What is x(21)?
-4
Let q(o) = -8*o + 243. Give q(24).
51
Let f(r) = r**3 + 11*r**2 - 154*r - 1669. Give f(-13).
-5
Let c(f) = f**3 + 81*f**2 + 164*f + 481. Give c(-79).
7
Let t(a) = 3*a**2 - 46*a - 41. What is t(17)?
44
Let g(s) = s**2 - 98*s - 948. Give g(-9).
15
Let b(y) = -y**3 - 27*y**2 + 5*y + 170. Determine b(-27).
35
Let u(t) = -60*t - 377. Determine u(-5).
-77
Let g(h) = -43*h - 498. Give g(-17).
233
Let v(d) = -d**2 + 49*d - 490. Calculate v(13).
-22
Let n(k) = -k**2 - 307*k - 1831. What is n(-6)?
-25
Let l(f) = -f**2 - 184*f - 8375. What is l(-82)?
-11
Let o(f) = 4*f**3 - 20*f**2 + 21*f + 1. Give o(4).
21
Let k(g) = -6*g - 172. What is k(-34)?
32
Let j(v) = -71*v - 2412. Calculate j(-34).
2
Let m(k) = -6*k - 83. Calculate m(-11).
-17
Let b(r) = -43*r - 190. What is b(-8)?
154
Let t(m) = -m**3 + 10*m**2 + 44. Calculate t(10).
44
Let q(n) = -n**2 - 118*n - 2260. Calculate q(-94).
-4
Let s(c) = -c**3 + 20*c**2 + 16*c + 113. Calculate s(21).
8
Let y(g) = 4*g**2 + 37*g + 10. Give y(-9).
1
Let o(k) = 2*k**3 - 9*k**2 + 10*k - 135. What is o(5)?
-60
Let t(q) = -32*q + 70. What is t(9)?
-218
Let j(k) = -216*k - 21158. What is j(-98)?
10
Let x(r) = -10*r**3 + 200*r**2 - 6*r + 121. Calculate x(20).
1
Let s(m) = -2602*m - 83258. Calculate s(-32).
6
Let q(n) = n**2 - 101*n + 925. Calculate q(10).
15
Let n(z) = -26*z + 688. Calculate n(27).
-14
Let c(d) = d**3 + 28*d**2 - 74*d - 409. Calculate c(-30).
11
Let q(w) = -24*w - 352. Determine q(-15).
8
Let y(v) = 48*v**2 + 386*v + 17. Give y(-8).
1
Let q(b) = 9*b - 129. What is q(-11)?
-228
Let i(p) = -450*p - 21139. What is i(-47)?
11
Let n(w) = 6342*w + 215635. What is n(-34)?
7
Let t(h) = h**2 + 21*h + 53. Calculate t(-20).
33
Let v(g) = g**3 + 23*g**2 - 148*g - 83. Determine v(-28).
141
Let u(s) = -s + 224. What is u(28)?
196
Let v(g) = -g**3 + 17*g - 14. Determine v(0).
-14
Let q(m) = 43*m**2 - 5*m + 7. Calculate q(-3).
409
Let u(b) = 1601*b - 112088. Calculate u(70).
-18
Let z(m) = 5*m**3 + 2*m**2 - m. Give z(-3).
-114
Let p(w) = 2*w**3 + 20*w**2 - 37*w - 370. What is p(-10)?
0
Let h(b) = -b**3 + 17*b**2 - 4*b + 69. Give h(17).
1
Let u(q) = 223*q + 1344. Give u(-6).
6
Let t(g) = -g**2 - 75*g - 1236. Calculate t(-25).
14
Let m(p) = 604*p - 3021. What is m(5)?
-1
Let o(c) = -5*c**3 + 2*c**2 - c - 1. Determine o(1).
-5
Let b(n) = 5*n**2 + 17*n + 74. Determine b(-5).
114
Let c(s) = -8*s**2 + 151*s - 515. What is c(14)?
31
Let i(n) = -72*n + 2519. Determine i(35).
-1
Let y(c) = -103*c - 202. Calculate y(-2).
4
Let k(c) = c**3 + 37*c**2 + 194*c + 97. Determine k(-31).
-151
Let m(h) = h**2 - 78*h - 7879. Give m(136).
9
Let o(p) = -6*p**2 + 89*p - 35. Determine o(15).
-50
Let q(b) = -2*b**3 + 29*b**2 - 15*b - 2. Calculate q(14).
-16
Let w(g) = -g**3 + 13*g**2 - 13*g - 12. Calculate w(11).
87
Let l(p) = p**2 - 29*p - 159. What is l(33)?
-27
Let l(c) = -2*c**2 + 7*c - 3. What is l(1)?
2
Let y(h) = -h**3 - 46*h**2 - 80*h + 297. Calculate y(-44).
-55
Let x(r) = 15*r**2 + 233*r - 515. Give x(2).
11
Let i(c) = -46*c**2 - 138*c + 1. Determine i(-3).
1
Let r(n) = -n**3 - 3*n**2 + 19*n + 84. What is r(5)?
-21
Let g(r) = r**2 - 26*r - 2542. Calculate g(-39).
-7
Let k(q) = q**2 - 45*q + 387. Give k(12).
-9
Let l(n) = -532*n - 1056. What is l(-2)?
8
Let i(v) = -9*v**2 - 1042*v - 1799. Determine i(-114).
25
Let a(o) = -25*o - 197. Give a(-16).
203
Let h(u) = 133*u + 661. Calculate h(-5).
-4
Let d(p) = 4*p**2 + 25*p - 9. Give d(-6).
-15
Let v(d) = 3*d**3 + 13*d**2 - 12*d - 4. Give v(-5).
6
Let j(q) = q**2 + 4*q - 71. Determine j(6).
-11
Let c(l) = l**3 - 70*l**2 + 329*l - 337. Determine c(65).
-77
Let g(v) = v**2 + 353*v - 3634. Give g(10).
-4
Let g(l) = -15*l**2 - 6*l - 51. What is g(-7)?
-744
Let r(y) = -2*y**2 + 37*y - 119. Determine r(13).
24
Let d(f) = 5*f**3 - 13*f**2 + 93*f - 289. What is d(3)?
8
Let z(s) = s**2 - 337*s + 8077. Calculate z(26).
-9
Let f(a) = -2*a**3 - 21*a**2 - 20*a - 54. What is f(-11)?
287
Let v(y) = 57*y**2 + 15*y. What is v(-2)?
198
Let s(c) = c**3 - 3*c**2 - 3*c + 8. Determine s(3).
-1
Let k(t) = 61*t - 85. What is k(2)?
37
Let o(q) = -86*q - 3614. Calculate o(-42).
-2
Let g(k) = 2*k**3 + 29*k**2 + 15*k + 16. Determine g(-11).
698
Let v(g) = -3*g**3 - 10*g**2 - 4*g - 2. Determine v(-5).
143
Let q(n